{"id":1190,"date":"2025-05-19T11:54:50","date_gmt":"2025-05-19T09:54:50","guid":{"rendered":"https:\/\/proactif.octopix.dev\/?post_type=product&#038;p=1190"},"modified":"2025-05-21T11:00:22","modified_gmt":"2025-05-21T09:00:22","slug":"hochbeet","status":"publish","type":"product","link":"https:\/\/www.proactif.lu\/de\/?post_type=product&p=1190","title":{"rendered":"Hochbeet"},"content":{"rendered":"\n<p>Breite: 100 cm \u0387 L\u00e4nge: 200 cm \u0387 H\u00f6he: 102 cm<\/p>\n\n<p><em>Individuelle Wunschma\u03b2e auf Anfrage m\u00f6glich<\/em><\/p>\n\n<p><strong>Sie m\u00f6chten ein Gartenbeet in angenehmer Arbeitsh\u00f6he?<\/strong> Dann ist dieses Hochbeet genau das Richtige f\u00fcr Sie.<\/p>\n\n<p>Gefertigt aus Douglasienholz und 18 mm Siebdruckplatten ist dieses Garten-Hochbeet mit seinen 100 cm Breite perfekt f\u00fcr Ihren Garten.<\/p>\n\n<p>Ganz gleich ob als Kr\u00e4uterbeet, Gem\u00fcsebeet, mit diesem Hochbeet schonen Sie Ihren R\u00fccken und bereichern Ihren Garten mit einer praktisch-dekorativen Pflanzfl\u00e4che.<\/p>\n\n<p>Wir fertigen die Hochbeete aus witterungsfester Douglasie kombiniert mit Siebdruckplatten \u2013 also ganzj\u00e4hrig f\u00fcr Terrasse und Garten geeignet.<\/p>\n\n<p>Die Hochbeete werden in unserer eigenen Werkstatt gefertigt, daher sind individuelle W\u00fcnsche kein Problem.<\/p>\n\n<ul class=\"wp-block-list\">\n<li>Witterungsbest\u00e4ndige Douglasie oder L\u00e4rche<\/li>\n\n\n\n<li>Solide Konstruktion aus 18 mm Siebdruckplatten verkleidet mit Leisten 5 cm x 2 cm<\/li>\n\n\n\n<li>Pflanztiefe von Oberkante K\u00fcbel 35 cm<\/li>\n\n\n\n<li>Mit zweiteiligem Deckel als Zubeh\u00f6r m\u00f6glich<\/li>\n<\/ul>\n","protected":false},"template":"","meta":{"_acf_changed":false,"inline_featured_image":false},"product-category":[28,45],"class_list":["post-1190","product","type-product","status-publish","hentry","product-category-holz-fur-den-garten-und-die-terrasse","product-category-garten-de"],"acf":[],"yoast_head":"<!-- This site is optimized with the Yoast SEO plugin v27.3 - https:\/\/yoast.com\/product\/yoast-seo-wordpress\/ -->\n<title>Hochbeet - ProActif<\/title>\n<meta name=\"robots\" content=\"index, follow, max-snippet:-1, max-image-preview:large, max-video-preview:-1\" \/>\n<link rel=\"canonical\" href=\"https:\/\/www.proactif.lu\/de\/?post_type=product&p=1190\" \/>\n<meta property=\"og:locale\" content=\"de_DE\" \/>\n<meta property=\"og:type\" content=\"article\" \/>\n<meta property=\"og:title\" content=\"Hochbeet - ProActif\" \/>\n<meta property=\"og:description\" content=\"Breite: 100 cm \u0387 L\u00e4nge: 200 cm \u0387 H\u00f6he: 102 cm Individuelle Wunschma\u03b2e auf Anfrage m\u00f6glich Sie m\u00f6chten ein Gartenbeet in angenehmer Arbeitsh\u00f6he? Dann ist dieses Hochbeet genau das Richtige f\u00fcr Sie. Gefertigt aus Douglasienholz und 18 mm Siebdruckplatten ist dieses Garten-Hochbeet mit seinen 100 cm Breite perfekt f\u00fcr Ihren Garten. Ganz gleich ob als [&hellip;]\" \/>\n<meta property=\"og:url\" content=\"https:\/\/www.proactif.lu\/de\/?post_type=product&amp;p=1190\" \/>\n<meta property=\"og:site_name\" content=\"ProActif\" \/>\n<meta property=\"article:modified_time\" content=\"2025-05-21T09:00:22+00:00\" \/>\n<meta name=\"twitter:card\" content=\"summary_large_image\" \/>\n<meta name=\"twitter:label1\" content=\"Gesch\u00e4tzte Lesezeit\" \/>\n\t<meta name=\"twitter:data1\" content=\"1\u00a0Minute\" \/>\n<script type=\"application\/ld+json\" class=\"yoast-schema-graph\">{\"@context\":\"https:\\\/\\\/schema.org\",\"@graph\":[{\"@type\":\"WebPage\",\"@id\":\"https:\\\/\\\/www.proactif.lu\\\/de\\\/?post_type=product&p=1190\",\"url\":\"https:\\\/\\\/www.proactif.lu\\\/de\\\/?post_type=product&p=1190\",\"name\":\"Hochbeet - ProActif\",\"isPartOf\":{\"@id\":\"https:\\\/\\\/www.proactif.lu\\\/de\\\/#website\"},\"datePublished\":\"2025-05-19T09:54:50+00:00\",\"dateModified\":\"2025-05-21T09:00:22+00:00\",\"breadcrumb\":{\"@id\":\"https:\\\/\\\/www.proactif.lu\\\/de\\\/?post_type=product&p=1190#breadcrumb\"},\"inLanguage\":\"de\",\"potentialAction\":[{\"@type\":\"ReadAction\",\"target\":[\"https:\\\/\\\/www.proactif.lu\\\/de\\\/?post_type=product&p=1190\"]}]},{\"@type\":\"BreadcrumbList\",\"@id\":\"https:\\\/\\\/www.proactif.lu\\\/de\\\/?post_type=product&p=1190#breadcrumb\",\"itemListElement\":[{\"@type\":\"ListItem\",\"position\":1,\"name\":\"Accueil\",\"item\":\"https:\\\/\\\/www.proactif.lu\\\/de\\\/\"},{\"@type\":\"ListItem\",\"position\":2,\"name\":\"Hochbeet\"}]},{\"@type\":\"WebSite\",\"@id\":\"https:\\\/\\\/www.proactif.lu\\\/de\\\/#website\",\"url\":\"https:\\\/\\\/www.proactif.lu\\\/de\\\/\",\"name\":\"ProActif\",\"description\":\"R\u00e9insertion professionnelle et services de qualit\u00e9 au Luxembourg\",\"publisher\":{\"@id\":\"https:\\\/\\\/www.proactif.lu\\\/de\\\/#organization\"},\"potentialAction\":[{\"@type\":\"SearchAction\",\"target\":{\"@type\":\"EntryPoint\",\"urlTemplate\":\"https:\\\/\\\/www.proactif.lu\\\/de\\\/?s={search_term_string}\"},\"query-input\":{\"@type\":\"PropertyValueSpecification\",\"valueRequired\":true,\"valueName\":\"search_term_string\"}}],\"inLanguage\":\"de\"},{\"@type\":\"Organization\",\"@id\":\"https:\\\/\\\/www.proactif.lu\\\/de\\\/#organization\",\"name\":\"ProActif\",\"url\":\"https:\\\/\\\/www.proactif.lu\\\/de\\\/\",\"logo\":{\"@type\":\"ImageObject\",\"inLanguage\":\"de\",\"@id\":\"https:\\\/\\\/www.proactif.lu\\\/de\\\/#\\\/schema\\\/logo\\\/image\\\/\",\"url\":\"https:\\\/\\\/www.proactif.lu\\\/wp-content\\\/uploads\\\/2025\\\/02\\\/proactif-icon.svg\",\"contentUrl\":\"https:\\\/\\\/www.proactif.lu\\\/wp-content\\\/uploads\\\/2025\\\/02\\\/proactif-icon.svg\",\"caption\":\"ProActif\"},\"image\":{\"@id\":\"https:\\\/\\\/www.proactif.lu\\\/de\\\/#\\\/schema\\\/logo\\\/image\\\/\"}}]}<\/script>\n<!-- \/ Yoast SEO plugin. -->","yoast_head_json":{"title":"Hochbeet - ProActif","robots":{"index":"index","follow":"follow","max-snippet":"max-snippet:-1","max-image-preview":"max-image-preview:large","max-video-preview":"max-video-preview:-1"},"canonical":"https:\/\/www.proactif.lu\/de\/?post_type=product&p=1190","og_locale":"de_DE","og_type":"article","og_title":"Hochbeet - ProActif","og_description":"Breite: 100 cm \u0387 L\u00e4nge: 200 cm \u0387 H\u00f6he: 102 cm Individuelle Wunschma\u03b2e auf Anfrage m\u00f6glich Sie m\u00f6chten ein Gartenbeet in angenehmer Arbeitsh\u00f6he? Dann ist dieses Hochbeet genau das Richtige f\u00fcr Sie. Gefertigt aus Douglasienholz und 18 mm Siebdruckplatten ist dieses Garten-Hochbeet mit seinen 100 cm Breite perfekt f\u00fcr Ihren Garten. Ganz gleich ob als [&hellip;]","og_url":"https:\/\/www.proactif.lu\/de\/?post_type=product&p=1190","og_site_name":"ProActif","article_modified_time":"2025-05-21T09:00:22+00:00","twitter_card":"summary_large_image","twitter_misc":{"Gesch\u00e4tzte Lesezeit":"1\u00a0Minute"},"schema":{"@context":"https:\/\/schema.org","@graph":[{"@type":"WebPage","@id":"https:\/\/www.proactif.lu\/de\/?post_type=product&p=1190","url":"https:\/\/www.proactif.lu\/de\/?post_type=product&p=1190","name":"Hochbeet - ProActif","isPartOf":{"@id":"https:\/\/www.proactif.lu\/de\/#website"},"datePublished":"2025-05-19T09:54:50+00:00","dateModified":"2025-05-21T09:00:22+00:00","breadcrumb":{"@id":"https:\/\/www.proactif.lu\/de\/?post_type=product&p=1190#breadcrumb"},"inLanguage":"de","potentialAction":[{"@type":"ReadAction","target":["https:\/\/www.proactif.lu\/de\/?post_type=product&p=1190"]}]},{"@type":"BreadcrumbList","@id":"https:\/\/www.proactif.lu\/de\/?post_type=product&p=1190#breadcrumb","itemListElement":[{"@type":"ListItem","position":1,"name":"Accueil","item":"https:\/\/www.proactif.lu\/de\/"},{"@type":"ListItem","position":2,"name":"Hochbeet"}]},{"@type":"WebSite","@id":"https:\/\/www.proactif.lu\/de\/#website","url":"https:\/\/www.proactif.lu\/de\/","name":"ProActif","description":"R\u00e9insertion professionnelle et services de qualit\u00e9 au Luxembourg","publisher":{"@id":"https:\/\/www.proactif.lu\/de\/#organization"},"potentialAction":[{"@type":"SearchAction","target":{"@type":"EntryPoint","urlTemplate":"https:\/\/www.proactif.lu\/de\/?s={search_term_string}"},"query-input":{"@type":"PropertyValueSpecification","valueRequired":true,"valueName":"search_term_string"}}],"inLanguage":"de"},{"@type":"Organization","@id":"https:\/\/www.proactif.lu\/de\/#organization","name":"ProActif","url":"https:\/\/www.proactif.lu\/de\/","logo":{"@type":"ImageObject","inLanguage":"de","@id":"https:\/\/www.proactif.lu\/de\/#\/schema\/logo\/image\/","url":"https:\/\/www.proactif.lu\/wp-content\/uploads\/2025\/02\/proactif-icon.svg","contentUrl":"https:\/\/www.proactif.lu\/wp-content\/uploads\/2025\/02\/proactif-icon.svg","caption":"ProActif"},"image":{"@id":"https:\/\/www.proactif.lu\/de\/#\/schema\/logo\/image\/"}}]}},"_links":{"self":[{"href":"https:\/\/www.proactif.lu\/de\/wp-json\/wp\/v2\/product\/1190","targetHints":{"allow":["GET"]}}],"collection":[{"href":"https:\/\/www.proactif.lu\/de\/wp-json\/wp\/v2\/product"}],"about":[{"href":"https:\/\/www.proactif.lu\/de\/wp-json\/wp\/v2\/types\/product"}],"wp:attachment":[{"href":"https:\/\/www.proactif.lu\/de\/wp-json\/wp\/v2\/media?parent=1190"}],"wp:term":[{"taxonomy":"product-category","embeddable":true,"href":"https:\/\/www.proactif.lu\/de\/wp-json\/wp\/v2\/product-category?post=1190"}],"curies":[{"name":"wp","href":"https:\/\/api.w.org\/{rel}","templated":true}]}}

<p>Breite: 100 cm · Länge: 200 cm · Höhe: 102 cm</p>

<p><em>Individuelle Wunschmaβe auf Anfrage möglich</em></p>

<p><strong>Sie möchten ein Gartenbeet in angenehmer Arbeitshöhe?</strong> Dann ist dieses Hochbeet genau das Richtige für Sie.</p>

<p>Gefertigt aus Douglasienholz und 18 mm Siebdruckplatten ist dieses Garten-Hochbeet mit seinen 100 cm Breite perfekt für Ihren Garten.</p>

<p>Ganz gleich ob als Kräuterbeet, Gemüsebeet, mit diesem Hochbeet schonen Sie Ihren Rücken und bereichern Ihren Garten mit einer praktisch-dekorativen Pflanzfläche.</p>

<p>Wir fertigen die Hochbeete aus witterungsfester Douglasie kombiniert mit Siebdruckplatten – also ganzjährig für Terrasse und Garten geeignet.</p>

<p>Die Hochbeete werden in unserer eigenen Werkstatt gefertigt, daher sind individuelle Wünsche kein Problem.</p>

<ul class="wp-block-list">
<li>Witterungsbeständige Douglasie oder Lärche</li>



<li>Solide Konstruktion aus 18 mm Siebdruckplatten verkleidet mit Leisten 5 cm x 2 cm</li>



<li>Pflanztiefe von Oberkante Kübel 35 cm</li>



<li>Mit zweiteiligem Deckel als Zubehör möglich</li>
</ul>

<!-- This site is optimized with the Yoast SEO plugin v27.3 - https://yoast.com/product/yoast-seo-wordpress/ -->
<title>Hochbeet - ProActif</title>
<meta name="robots" content="index, follow, max-snippet:-1, max-image-preview:large, max-video-preview:-1" />
<link rel="canonical" href="https://www.proactif.lu/de/?post_type=product&p=1190" />
<meta property="og:locale" content="de_DE" />
<meta property="og:type" content="article" />
<meta property="og:title" content="Hochbeet - ProActif" />
<meta property="og:description" content="Breite: 100 cm · Länge: 200 cm · Höhe: 102 cm Individuelle Wunschmaβe auf Anfrage möglich Sie möchten ein Gartenbeet in angenehmer Arbeitshöhe? Dann ist dieses Hochbeet genau das Richtige für Sie. Gefertigt aus Douglasienholz und 18 mm Siebdruckplatten ist dieses Garten-Hochbeet mit seinen 100 cm Breite perfekt für Ihren Garten. Ganz gleich ob als [&hellip;]" />
<meta property="og:url" content="https://www.proactif.lu/de/?post_type=product&amp;p=1190" />
<meta property="og:site_name" content="ProActif" />
<meta property="article:modified_time" content="2025-05-21T09:00:22+00:00" />
<meta name="twitter:card" content="summary_large_image" />
<meta name="twitter:label1" content="Geschätzte Lesezeit" />
	<meta name="twitter:data1" content="1 Minute" />
<script type="application/ld+json" class="yoast-schema-graph">{"@context":"https:\/\/schema.org","@graph":[{"@type":"WebPage","@id":"https:\/\/www.proactif.lu\/de\/?post_type=product&p=1190","url":"https:\/\/www.proactif.lu\/de\/?post_type=product&p=1190","name":"Hochbeet - ProActif","isPartOf":{"@id":"https:\/\/www.proactif.lu\/de\/#website"},"datePublished":"2025-05-19T09:54:50+00:00","dateModified":"2025-05-21T09:00:22+00:00","breadcrumb":{"@id":"https:\/\/www.proactif.lu\/de\/?post_type=product&p=1190#breadcrumb"},"inLanguage":"de","potentialAction":[{"@type":"ReadAction","target":["https:\/\/www.proactif.lu\/de\/?post_type=product&p=1190"]}]},{"@type":"BreadcrumbList","@id":"https:\/\/www.proactif.lu\/de\/?post_type=product&p=1190#breadcrumb","itemListElement":[{"@type":"ListItem","position":1,"name":"Accueil","item":"https:\/\/www.proactif.lu\/de\/"},{"@type":"ListItem","position":2,"name":"Hochbeet"}]},{"@type":"WebSite","@id":"https:\/\/www.proactif.lu\/de\/#website","url":"https:\/\/www.proactif.lu\/de\/","name":"ProActif","description":"Réinsertion professionnelle et services de qualité au Luxembourg","publisher":{"@id":"https:\/\/www.proactif.lu\/de\/#organization"},"potentialAction":[{"@type":"SearchAction","target":{"@type":"EntryPoint","urlTemplate":"https:\/\/www.proactif.lu\/de\/?s={search_term_string}"},"query-input":{"@type":"PropertyValueSpecification","valueRequired":true,"valueName":"search_term_string"}}],"inLanguage":"de"},{"@type":"Organization","@id":"https:\/\/www.proactif.lu\/de\/#organization","name":"ProActif","url":"https:\/\/www.proactif.lu\/de\/","logo":{"@type":"ImageObject","inLanguage":"de","@id":"https:\/\/www.proactif.lu\/de\/#\/schema\/logo\/image\/","url":"https:\/\/www.proactif.lu\/wp-content\/uploads\/2025\/02\/proactif-icon.svg","contentUrl":"https:\/\/www.proactif.lu\/wp-content\/uploads\/2025\/02\/proactif-icon.svg","caption":"ProActif"},"image":{"@id":"https:\/\/www.proactif.lu\/de\/#\/schema\/logo\/image\/"}}]}</script>
<!-- / Yoast SEO plugin. -->

Breite: 100 cm · Länge: 200 cm · Höhe: 102 cm Individuelle Wunschmaβe auf Anfrage möglich Sie möchten ein Gartenbeet in angenehmer Arbeitshöhe? Dann ist dieses Hochbeet genau das Richtige für Sie. Gefertigt aus Douglasienholz und 18 mm Siebdruckplatten ist dieses Garten-Hochbeet mit seinen 100 cm Breite perfekt für Ihren Garten. Ganz gleich ob als [&hellip;]

Réinsertion professionnelle et services de qualité au Luxembourg
