{"id":1192,"date":"2026-04-29T14:49:16","date_gmt":"2026-04-29T12:49:16","guid":{"rendered":"https:\/\/proactif.octopix.dev\/?post_type=product&#038;p=1192"},"modified":"2026-04-29T14:49:16","modified_gmt":"2026-04-29T12:49:16","slug":"sandkasten","status":"publish","type":"product","link":"https:\/\/www.proactif.lu\/de\/?post_type=product&p=1192","title":{"rendered":"Sandkasten"},"content":{"rendered":"\n<p><strong>Spiel und Spa\u03b2 und nat\u00fcrlich Sicherheit ist hier die Devise!<\/strong><\/p>\n\n<p>Kinder k\u00f6nnen mit diesen zwei Produkten Ihrer Kreativit\u00e4t freien Lauf lassen und sich an der frischen Luft austoben. Hierf\u00fcr bieten wir Ihnen zwei L\u00f6sungen an.<\/p>\n\n<p>Einmal den Sandkasten mit Deckel und den Sandkasten mit Deckel und integrierter Sitzbank, falls unter anderem die Eltern auch dazu aufgefordert werden, Schl\u00f6sser und Kuchen zu bauen. Wir denken an Sie und an die Freude der Kinder, deshalb haben wir hier f\u00fcr Sie folgende Produkte vorbereitet.<\/p>\n\n<p><strong>Mit Deckel<\/strong><\/p>\n\n<p>1,02 x 1,02m \u00b7 H\u00f6he 30 cm mit Deckel<\/p>\n\n<p><strong>Mit Deckel und integrierter Sitzbank<\/strong><\/p>\n\n<p>1 m x 1,50 m \u00b7 H\u00f6he 26 cm<\/p>\n\n<p><\/p>\n","protected":false},"template":"","meta":{"_acf_changed":false,"inline_featured_image":false},"product-category":[28,44,10],"class_list":["post-1192","product","type-product","status-publish","hentry","product-category-holz-fur-den-garten-und-die-terrasse","product-category-allgemein-de","product-category-general"],"acf":[],"yoast_head":"<!-- This site is optimized with the Yoast SEO plugin v27.3 - https:\/\/yoast.com\/product\/yoast-seo-wordpress\/ -->\n<title>Sandkasten - ProActif<\/title>\n<meta name=\"robots\" content=\"index, follow, max-snippet:-1, max-image-preview:large, max-video-preview:-1\" \/>\n<link rel=\"canonical\" href=\"https:\/\/www.proactif.lu\/de\/?post_type=product&p=1192\" \/>\n<meta property=\"og:locale\" content=\"de_DE\" \/>\n<meta property=\"og:type\" content=\"article\" \/>\n<meta property=\"og:title\" content=\"Sandkasten - ProActif\" \/>\n<meta property=\"og:description\" content=\"Spiel und Spa\u03b2 und nat\u00fcrlich Sicherheit ist hier die Devise! Kinder k\u00f6nnen mit diesen zwei Produkten Ihrer Kreativit\u00e4t freien Lauf lassen und sich an der frischen Luft austoben. Hierf\u00fcr bieten wir Ihnen zwei L\u00f6sungen an. Einmal den Sandkasten mit Deckel und den Sandkasten mit Deckel und integrierter Sitzbank, falls unter anderem die Eltern auch dazu [&hellip;]\" \/>\n<meta property=\"og:url\" content=\"https:\/\/www.proactif.lu\/de\/?post_type=product&amp;p=1192\" \/>\n<meta property=\"og:site_name\" content=\"ProActif\" \/>\n<meta name=\"twitter:card\" content=\"summary_large_image\" \/>\n<meta name=\"twitter:label1\" content=\"Gesch\u00e4tzte Lesezeit\" \/>\n\t<meta name=\"twitter:data1\" content=\"1\u00a0Minute\" \/>\n<script type=\"application\/ld+json\" class=\"yoast-schema-graph\">{\"@context\":\"https:\\\/\\\/schema.org\",\"@graph\":[{\"@type\":\"WebPage\",\"@id\":\"https:\\\/\\\/www.proactif.lu\\\/de\\\/?post_type=product&p=1192\",\"url\":\"https:\\\/\\\/www.proactif.lu\\\/de\\\/?post_type=product&p=1192\",\"name\":\"Sandkasten - ProActif\",\"isPartOf\":{\"@id\":\"https:\\\/\\\/www.proactif.lu\\\/de\\\/#website\"},\"datePublished\":\"2026-04-29T12:49:16+00:00\",\"breadcrumb\":{\"@id\":\"https:\\\/\\\/www.proactif.lu\\\/de\\\/?post_type=product&p=1192#breadcrumb\"},\"inLanguage\":\"de\",\"potentialAction\":[{\"@type\":\"ReadAction\",\"target\":[\"https:\\\/\\\/www.proactif.lu\\\/de\\\/?post_type=product&p=1192\"]}]},{\"@type\":\"BreadcrumbList\",\"@id\":\"https:\\\/\\\/www.proactif.lu\\\/de\\\/?post_type=product&p=1192#breadcrumb\",\"itemListElement\":[{\"@type\":\"ListItem\",\"position\":1,\"name\":\"Accueil\",\"item\":\"https:\\\/\\\/www.proactif.lu\\\/de\\\/\"},{\"@type\":\"ListItem\",\"position\":2,\"name\":\"Sandkasten\"}]},{\"@type\":\"WebSite\",\"@id\":\"https:\\\/\\\/www.proactif.lu\\\/de\\\/#website\",\"url\":\"https:\\\/\\\/www.proactif.lu\\\/de\\\/\",\"name\":\"ProActif\",\"description\":\"R\u00e9insertion professionnelle et services de qualit\u00e9 au Luxembourg\",\"publisher\":{\"@id\":\"https:\\\/\\\/www.proactif.lu\\\/de\\\/#organization\"},\"potentialAction\":[{\"@type\":\"SearchAction\",\"target\":{\"@type\":\"EntryPoint\",\"urlTemplate\":\"https:\\\/\\\/www.proactif.lu\\\/de\\\/?s={search_term_string}\"},\"query-input\":{\"@type\":\"PropertyValueSpecification\",\"valueRequired\":true,\"valueName\":\"search_term_string\"}}],\"inLanguage\":\"de\"},{\"@type\":\"Organization\",\"@id\":\"https:\\\/\\\/www.proactif.lu\\\/de\\\/#organization\",\"name\":\"ProActif\",\"url\":\"https:\\\/\\\/www.proactif.lu\\\/de\\\/\",\"logo\":{\"@type\":\"ImageObject\",\"inLanguage\":\"de\",\"@id\":\"https:\\\/\\\/www.proactif.lu\\\/de\\\/#\\\/schema\\\/logo\\\/image\\\/\",\"url\":\"https:\\\/\\\/www.proactif.lu\\\/wp-content\\\/uploads\\\/2025\\\/02\\\/proactif-icon.svg\",\"contentUrl\":\"https:\\\/\\\/www.proactif.lu\\\/wp-content\\\/uploads\\\/2025\\\/02\\\/proactif-icon.svg\",\"caption\":\"ProActif\"},\"image\":{\"@id\":\"https:\\\/\\\/www.proactif.lu\\\/de\\\/#\\\/schema\\\/logo\\\/image\\\/\"}}]}<\/script>\n<!-- \/ Yoast SEO plugin. -->","yoast_head_json":{"title":"Sandkasten - ProActif","robots":{"index":"index","follow":"follow","max-snippet":"max-snippet:-1","max-image-preview":"max-image-preview:large","max-video-preview":"max-video-preview:-1"},"canonical":"https:\/\/www.proactif.lu\/de\/?post_type=product&p=1192","og_locale":"de_DE","og_type":"article","og_title":"Sandkasten - ProActif","og_description":"Spiel und Spa\u03b2 und nat\u00fcrlich Sicherheit ist hier die Devise! Kinder k\u00f6nnen mit diesen zwei Produkten Ihrer Kreativit\u00e4t freien Lauf lassen und sich an der frischen Luft austoben. Hierf\u00fcr bieten wir Ihnen zwei L\u00f6sungen an. Einmal den Sandkasten mit Deckel und den Sandkasten mit Deckel und integrierter Sitzbank, falls unter anderem die Eltern auch dazu [&hellip;]","og_url":"https:\/\/www.proactif.lu\/de\/?post_type=product&p=1192","og_site_name":"ProActif","twitter_card":"summary_large_image","twitter_misc":{"Gesch\u00e4tzte Lesezeit":"1\u00a0Minute"},"schema":{"@context":"https:\/\/schema.org","@graph":[{"@type":"WebPage","@id":"https:\/\/www.proactif.lu\/de\/?post_type=product&p=1192","url":"https:\/\/www.proactif.lu\/de\/?post_type=product&p=1192","name":"Sandkasten - ProActif","isPartOf":{"@id":"https:\/\/www.proactif.lu\/de\/#website"},"datePublished":"2026-04-29T12:49:16+00:00","breadcrumb":{"@id":"https:\/\/www.proactif.lu\/de\/?post_type=product&p=1192#breadcrumb"},"inLanguage":"de","potentialAction":[{"@type":"ReadAction","target":["https:\/\/www.proactif.lu\/de\/?post_type=product&p=1192"]}]},{"@type":"BreadcrumbList","@id":"https:\/\/www.proactif.lu\/de\/?post_type=product&p=1192#breadcrumb","itemListElement":[{"@type":"ListItem","position":1,"name":"Accueil","item":"https:\/\/www.proactif.lu\/de\/"},{"@type":"ListItem","position":2,"name":"Sandkasten"}]},{"@type":"WebSite","@id":"https:\/\/www.proactif.lu\/de\/#website","url":"https:\/\/www.proactif.lu\/de\/","name":"ProActif","description":"R\u00e9insertion professionnelle et services de qualit\u00e9 au Luxembourg","publisher":{"@id":"https:\/\/www.proactif.lu\/de\/#organization"},"potentialAction":[{"@type":"SearchAction","target":{"@type":"EntryPoint","urlTemplate":"https:\/\/www.proactif.lu\/de\/?s={search_term_string}"},"query-input":{"@type":"PropertyValueSpecification","valueRequired":true,"valueName":"search_term_string"}}],"inLanguage":"de"},{"@type":"Organization","@id":"https:\/\/www.proactif.lu\/de\/#organization","name":"ProActif","url":"https:\/\/www.proactif.lu\/de\/","logo":{"@type":"ImageObject","inLanguage":"de","@id":"https:\/\/www.proactif.lu\/de\/#\/schema\/logo\/image\/","url":"https:\/\/www.proactif.lu\/wp-content\/uploads\/2025\/02\/proactif-icon.svg","contentUrl":"https:\/\/www.proactif.lu\/wp-content\/uploads\/2025\/02\/proactif-icon.svg","caption":"ProActif"},"image":{"@id":"https:\/\/www.proactif.lu\/de\/#\/schema\/logo\/image\/"}}]}},"_links":{"self":[{"href":"https:\/\/www.proactif.lu\/de\/wp-json\/wp\/v2\/product\/1192","targetHints":{"allow":["GET"]}}],"collection":[{"href":"https:\/\/www.proactif.lu\/de\/wp-json\/wp\/v2\/product"}],"about":[{"href":"https:\/\/www.proactif.lu\/de\/wp-json\/wp\/v2\/types\/product"}],"wp:attachment":[{"href":"https:\/\/www.proactif.lu\/de\/wp-json\/wp\/v2\/media?parent=1192"}],"wp:term":[{"taxonomy":"product-category","embeddable":true,"href":"https:\/\/www.proactif.lu\/de\/wp-json\/wp\/v2\/product-category?post=1192"}],"curies":[{"name":"wp","href":"https:\/\/api.w.org\/{rel}","templated":true}]}}

<p><strong>Spiel und Spaβ und natürlich Sicherheit ist hier die Devise!</strong></p>

<p>Kinder können mit diesen zwei Produkten Ihrer Kreativität freien Lauf lassen und sich an der frischen Luft austoben. Hierfür bieten wir Ihnen zwei Lösungen an.</p>

<p>Einmal den Sandkasten mit Deckel und den Sandkasten mit Deckel und integrierter Sitzbank, falls unter anderem die Eltern auch dazu aufgefordert werden, Schlösser und Kuchen zu bauen. Wir denken an Sie und an die Freude der Kinder, deshalb haben wir hier für Sie folgende Produkte vorbereitet.</p>

<p><strong>Mit Deckel</strong></p>

<p>1,02 x 1,02m · Höhe 30 cm mit Deckel</p>

<p><strong>Mit Deckel und integrierter Sitzbank</strong></p>

<p>1 m x 1,50 m · Höhe 26 cm</p>

<p></p>

<!-- This site is optimized with the Yoast SEO plugin v27.3 - https://yoast.com/product/yoast-seo-wordpress/ -->
<title>Sandkasten - ProActif</title>
<meta name="robots" content="index, follow, max-snippet:-1, max-image-preview:large, max-video-preview:-1" />
<link rel="canonical" href="https://www.proactif.lu/de/?post_type=product&p=1192" />
<meta property="og:locale" content="de_DE" />
<meta property="og:type" content="article" />
<meta property="og:title" content="Sandkasten - ProActif" />
<meta property="og:description" content="Spiel und Spaβ und natürlich Sicherheit ist hier die Devise! Kinder können mit diesen zwei Produkten Ihrer Kreativität freien Lauf lassen und sich an der frischen Luft austoben. Hierfür bieten wir Ihnen zwei Lösungen an. Einmal den Sandkasten mit Deckel und den Sandkasten mit Deckel und integrierter Sitzbank, falls unter anderem die Eltern auch dazu [&hellip;]" />
<meta property="og:url" content="https://www.proactif.lu/de/?post_type=product&amp;p=1192" />
<meta property="og:site_name" content="ProActif" />
<meta name="twitter:card" content="summary_large_image" />
<meta name="twitter:label1" content="Geschätzte Lesezeit" />
	<meta name="twitter:data1" content="1 Minute" />
<script type="application/ld+json" class="yoast-schema-graph">{"@context":"https:\/\/schema.org","@graph":[{"@type":"WebPage","@id":"https:\/\/www.proactif.lu\/de\/?post_type=product&p=1192","url":"https:\/\/www.proactif.lu\/de\/?post_type=product&p=1192","name":"Sandkasten - ProActif","isPartOf":{"@id":"https:\/\/www.proactif.lu\/de\/#website"},"datePublished":"2026-04-29T12:49:16+00:00","breadcrumb":{"@id":"https:\/\/www.proactif.lu\/de\/?post_type=product&p=1192#breadcrumb"},"inLanguage":"de","potentialAction":[{"@type":"ReadAction","target":["https:\/\/www.proactif.lu\/de\/?post_type=product&p=1192"]}]},{"@type":"BreadcrumbList","@id":"https:\/\/www.proactif.lu\/de\/?post_type=product&p=1192#breadcrumb","itemListElement":[{"@type":"ListItem","position":1,"name":"Accueil","item":"https:\/\/www.proactif.lu\/de\/"},{"@type":"ListItem","position":2,"name":"Sandkasten"}]},{"@type":"WebSite","@id":"https:\/\/www.proactif.lu\/de\/#website","url":"https:\/\/www.proactif.lu\/de\/","name":"ProActif","description":"Réinsertion professionnelle et services de qualité au Luxembourg","publisher":{"@id":"https:\/\/www.proactif.lu\/de\/#organization"},"potentialAction":[{"@type":"SearchAction","target":{"@type":"EntryPoint","urlTemplate":"https:\/\/www.proactif.lu\/de\/?s={search_term_string}"},"query-input":{"@type":"PropertyValueSpecification","valueRequired":true,"valueName":"search_term_string"}}],"inLanguage":"de"},{"@type":"Organization","@id":"https:\/\/www.proactif.lu\/de\/#organization","name":"ProActif","url":"https:\/\/www.proactif.lu\/de\/","logo":{"@type":"ImageObject","inLanguage":"de","@id":"https:\/\/www.proactif.lu\/de\/#\/schema\/logo\/image\/","url":"https:\/\/www.proactif.lu\/wp-content\/uploads\/2025\/02\/proactif-icon.svg","contentUrl":"https:\/\/www.proactif.lu\/wp-content\/uploads\/2025\/02\/proactif-icon.svg","caption":"ProActif"},"image":{"@id":"https:\/\/www.proactif.lu\/de\/#\/schema\/logo\/image\/"}}]}</script>
<!-- / Yoast SEO plugin. -->

Spiel und Spaβ und natürlich Sicherheit ist hier die Devise! Kinder können mit diesen zwei Produkten Ihrer Kreativität freien Lauf lassen und sich an der frischen Luft austoben. Hierfür bieten wir Ihnen zwei Lösungen an. Einmal den Sandkasten mit Deckel und den Sandkasten mit Deckel und integrierter Sitzbank, falls unter anderem die Eltern auch dazu [&hellip;]

Réinsertion professionnelle et services de qualité au Luxembourg
