{"id":1209,"date":"2025-05-19T12:58:33","date_gmt":"2025-05-19T10:58:33","guid":{"rendered":"https:\/\/proactif.octopix.dev\/?post_type=product&#038;p=1209"},"modified":"2025-05-26T15:03:26","modified_gmt":"2025-05-26T13:03:26","slug":"umkleidebank","status":"publish","type":"product","link":"https:\/\/www.proactif.lu\/de\/?post_type=product&p=1209","title":{"rendered":"Umkleidebank"},"content":{"rendered":"\n<p><strong>L\u00e4nge: 150 cm \u0387 Sitzh\u00f6he: 42 cm \u0387 Gesamth\u00f6he: 180 cm<\/strong><\/p>\n\n<p><em>Auch erh\u00e4ltlich in anderen Gr\u00f6\u03b2en<\/em><\/p>\n\n<ul class=\"wp-block-list\">\n<li>Freistehende Garderobenbank ist ein integraler Bestandteil jeder Umkleidekabine<\/li>\n\n\n\n<li>Ideal f\u00fcr Sport-, Medizin-, Bildungs-, oder Industrieumkleidebereiche<\/li>\n\n\n\n<li>Standardm\u00e4\u03b2ig mit 5 Haken je nach Breite<\/li>\n\n\n\n<li>Robuster Rahmen aus 40 mm Metall, dickwandigem Vierkantrohr mit Schwei\u03b2n\u00e4hten f\u00fcr Festigkeit und Haltbarkeit<\/li>\n\n\n\n<li>Sitzfl\u00e4che aus Holz nach Wahl<\/li>\n\n\n\n<li>Das Gestell ist in verschiedenen Farben erh\u00e4ltlich und wird mit verstellbaren F\u00fc\u03b2en geliefert<\/li>\n<\/ul>\n","protected":false},"template":"","meta":{"_acf_changed":false,"inline_featured_image":false},"product-category":[28,44],"class_list":["post-1209","product","type-product","status-publish","hentry","product-category-holz-fur-den-garten-und-die-terrasse","product-category-allgemein-de"],"acf":[],"yoast_head":"<!-- This site is optimized with the Yoast SEO plugin v27.3 - https:\/\/yoast.com\/product\/yoast-seo-wordpress\/ -->\n<title>Umkleidebank - ProActif<\/title>\n<meta name=\"robots\" content=\"index, follow, max-snippet:-1, max-image-preview:large, max-video-preview:-1\" \/>\n<link rel=\"canonical\" href=\"https:\/\/www.proactif.lu\/de\/?post_type=product&p=1209\" \/>\n<meta property=\"og:locale\" content=\"de_DE\" \/>\n<meta property=\"og:type\" content=\"article\" \/>\n<meta property=\"og:title\" content=\"Umkleidebank - ProActif\" \/>\n<meta property=\"og:description\" content=\"L\u00e4nge: 150 cm \u0387 Sitzh\u00f6he: 42 cm \u0387 Gesamth\u00f6he: 180 cm Auch erh\u00e4ltlich in anderen Gr\u00f6\u03b2en\" \/>\n<meta property=\"og:url\" content=\"https:\/\/www.proactif.lu\/de\/?post_type=product&amp;p=1209\" \/>\n<meta property=\"og:site_name\" content=\"ProActif\" \/>\n<meta property=\"article:modified_time\" content=\"2025-05-26T13:03:26+00:00\" \/>\n<meta name=\"twitter:card\" content=\"summary_large_image\" \/>\n<script type=\"application\/ld+json\" class=\"yoast-schema-graph\">{\"@context\":\"https:\\\/\\\/schema.org\",\"@graph\":[{\"@type\":\"WebPage\",\"@id\":\"https:\\\/\\\/www.proactif.lu\\\/de\\\/?post_type=product&p=1209\",\"url\":\"https:\\\/\\\/www.proactif.lu\\\/de\\\/?post_type=product&p=1209\",\"name\":\"Umkleidebank - ProActif\",\"isPartOf\":{\"@id\":\"https:\\\/\\\/www.proactif.lu\\\/de\\\/#website\"},\"datePublished\":\"2025-05-19T10:58:33+00:00\",\"dateModified\":\"2025-05-26T13:03:26+00:00\",\"breadcrumb\":{\"@id\":\"https:\\\/\\\/www.proactif.lu\\\/de\\\/?post_type=product&p=1209#breadcrumb\"},\"inLanguage\":\"de\",\"potentialAction\":[{\"@type\":\"ReadAction\",\"target\":[\"https:\\\/\\\/www.proactif.lu\\\/de\\\/?post_type=product&p=1209\"]}]},{\"@type\":\"BreadcrumbList\",\"@id\":\"https:\\\/\\\/www.proactif.lu\\\/de\\\/?post_type=product&p=1209#breadcrumb\",\"itemListElement\":[{\"@type\":\"ListItem\",\"position\":1,\"name\":\"Accueil\",\"item\":\"https:\\\/\\\/www.proactif.lu\\\/de\\\/\"},{\"@type\":\"ListItem\",\"position\":2,\"name\":\"Umkleidebank\"}]},{\"@type\":\"WebSite\",\"@id\":\"https:\\\/\\\/www.proactif.lu\\\/de\\\/#website\",\"url\":\"https:\\\/\\\/www.proactif.lu\\\/de\\\/\",\"name\":\"ProActif\",\"description\":\"R\u00e9insertion professionnelle et services de qualit\u00e9 au Luxembourg\",\"publisher\":{\"@id\":\"https:\\\/\\\/www.proactif.lu\\\/de\\\/#organization\"},\"potentialAction\":[{\"@type\":\"SearchAction\",\"target\":{\"@type\":\"EntryPoint\",\"urlTemplate\":\"https:\\\/\\\/www.proactif.lu\\\/de\\\/?s={search_term_string}\"},\"query-input\":{\"@type\":\"PropertyValueSpecification\",\"valueRequired\":true,\"valueName\":\"search_term_string\"}}],\"inLanguage\":\"de\"},{\"@type\":\"Organization\",\"@id\":\"https:\\\/\\\/www.proactif.lu\\\/de\\\/#organization\",\"name\":\"ProActif\",\"url\":\"https:\\\/\\\/www.proactif.lu\\\/de\\\/\",\"logo\":{\"@type\":\"ImageObject\",\"inLanguage\":\"de\",\"@id\":\"https:\\\/\\\/www.proactif.lu\\\/de\\\/#\\\/schema\\\/logo\\\/image\\\/\",\"url\":\"https:\\\/\\\/www.proactif.lu\\\/wp-content\\\/uploads\\\/2025\\\/02\\\/proactif-icon.svg\",\"contentUrl\":\"https:\\\/\\\/www.proactif.lu\\\/wp-content\\\/uploads\\\/2025\\\/02\\\/proactif-icon.svg\",\"caption\":\"ProActif\"},\"image\":{\"@id\":\"https:\\\/\\\/www.proactif.lu\\\/de\\\/#\\\/schema\\\/logo\\\/image\\\/\"}}]}<\/script>\n<!-- \/ Yoast SEO plugin. -->","yoast_head_json":{"title":"Umkleidebank - ProActif","robots":{"index":"index","follow":"follow","max-snippet":"max-snippet:-1","max-image-preview":"max-image-preview:large","max-video-preview":"max-video-preview:-1"},"canonical":"https:\/\/www.proactif.lu\/de\/?post_type=product&p=1209","og_locale":"de_DE","og_type":"article","og_title":"Umkleidebank - ProActif","og_description":"L\u00e4nge: 150 cm \u0387 Sitzh\u00f6he: 42 cm \u0387 Gesamth\u00f6he: 180 cm Auch erh\u00e4ltlich in anderen Gr\u00f6\u03b2en","og_url":"https:\/\/www.proactif.lu\/de\/?post_type=product&p=1209","og_site_name":"ProActif","article_modified_time":"2025-05-26T13:03:26+00:00","twitter_card":"summary_large_image","schema":{"@context":"https:\/\/schema.org","@graph":[{"@type":"WebPage","@id":"https:\/\/www.proactif.lu\/de\/?post_type=product&p=1209","url":"https:\/\/www.proactif.lu\/de\/?post_type=product&p=1209","name":"Umkleidebank - ProActif","isPartOf":{"@id":"https:\/\/www.proactif.lu\/de\/#website"},"datePublished":"2025-05-19T10:58:33+00:00","dateModified":"2025-05-26T13:03:26+00:00","breadcrumb":{"@id":"https:\/\/www.proactif.lu\/de\/?post_type=product&p=1209#breadcrumb"},"inLanguage":"de","potentialAction":[{"@type":"ReadAction","target":["https:\/\/www.proactif.lu\/de\/?post_type=product&p=1209"]}]},{"@type":"BreadcrumbList","@id":"https:\/\/www.proactif.lu\/de\/?post_type=product&p=1209#breadcrumb","itemListElement":[{"@type":"ListItem","position":1,"name":"Accueil","item":"https:\/\/www.proactif.lu\/de\/"},{"@type":"ListItem","position":2,"name":"Umkleidebank"}]},{"@type":"WebSite","@id":"https:\/\/www.proactif.lu\/de\/#website","url":"https:\/\/www.proactif.lu\/de\/","name":"ProActif","description":"R\u00e9insertion professionnelle et services de qualit\u00e9 au Luxembourg","publisher":{"@id":"https:\/\/www.proactif.lu\/de\/#organization"},"potentialAction":[{"@type":"SearchAction","target":{"@type":"EntryPoint","urlTemplate":"https:\/\/www.proactif.lu\/de\/?s={search_term_string}"},"query-input":{"@type":"PropertyValueSpecification","valueRequired":true,"valueName":"search_term_string"}}],"inLanguage":"de"},{"@type":"Organization","@id":"https:\/\/www.proactif.lu\/de\/#organization","name":"ProActif","url":"https:\/\/www.proactif.lu\/de\/","logo":{"@type":"ImageObject","inLanguage":"de","@id":"https:\/\/www.proactif.lu\/de\/#\/schema\/logo\/image\/","url":"https:\/\/www.proactif.lu\/wp-content\/uploads\/2025\/02\/proactif-icon.svg","contentUrl":"https:\/\/www.proactif.lu\/wp-content\/uploads\/2025\/02\/proactif-icon.svg","caption":"ProActif"},"image":{"@id":"https:\/\/www.proactif.lu\/de\/#\/schema\/logo\/image\/"}}]}},"_links":{"self":[{"href":"https:\/\/www.proactif.lu\/de\/wp-json\/wp\/v2\/product\/1209","targetHints":{"allow":["GET"]}}],"collection":[{"href":"https:\/\/www.proactif.lu\/de\/wp-json\/wp\/v2\/product"}],"about":[{"href":"https:\/\/www.proactif.lu\/de\/wp-json\/wp\/v2\/types\/product"}],"wp:attachment":[{"href":"https:\/\/www.proactif.lu\/de\/wp-json\/wp\/v2\/media?parent=1209"}],"wp:term":[{"taxonomy":"product-category","embeddable":true,"href":"https:\/\/www.proactif.lu\/de\/wp-json\/wp\/v2\/product-category?post=1209"}],"curies":[{"name":"wp","href":"https:\/\/api.w.org\/{rel}","templated":true}]}}

<p><strong>Länge: 150 cm · Sitzhöhe: 42 cm · Gesamthöhe: 180 cm</strong></p>

<p><em>Auch erhältlich in anderen Gröβen</em></p>

<ul class="wp-block-list">
<li>Freistehende Garderobenbank ist ein integraler Bestandteil jeder Umkleidekabine</li>



<li>Ideal für Sport-, Medizin-, Bildungs-, oder Industrieumkleidebereiche</li>



<li>Standardmäβig mit 5 Haken je nach Breite</li>



<li>Robuster Rahmen aus 40 mm Metall, dickwandigem Vierkantrohr mit Schweiβnähten für Festigkeit und Haltbarkeit</li>



<li>Sitzfläche aus Holz nach Wahl</li>



<li>Das Gestell ist in verschiedenen Farben erhältlich und wird mit verstellbaren Füβen geliefert</li>
</ul>

<!-- This site is optimized with the Yoast SEO plugin v27.3 - https://yoast.com/product/yoast-seo-wordpress/ -->
<title>Umkleidebank - ProActif</title>
<meta name="robots" content="index, follow, max-snippet:-1, max-image-preview:large, max-video-preview:-1" />
<link rel="canonical" href="https://www.proactif.lu/de/?post_type=product&p=1209" />
<meta property="og:locale" content="de_DE" />
<meta property="og:type" content="article" />
<meta property="og:title" content="Umkleidebank - ProActif" />
<meta property="og:description" content="Länge: 150 cm · Sitzhöhe: 42 cm · Gesamthöhe: 180 cm Auch erhältlich in anderen Gröβen" />
<meta property="og:url" content="https://www.proactif.lu/de/?post_type=product&amp;p=1209" />
<meta property="og:site_name" content="ProActif" />
<meta property="article:modified_time" content="2025-05-26T13:03:26+00:00" />
<meta name="twitter:card" content="summary_large_image" />
<script type="application/ld+json" class="yoast-schema-graph">{"@context":"https:\/\/schema.org","@graph":[{"@type":"WebPage","@id":"https:\/\/www.proactif.lu\/de\/?post_type=product&p=1209","url":"https:\/\/www.proactif.lu\/de\/?post_type=product&p=1209","name":"Umkleidebank - ProActif","isPartOf":{"@id":"https:\/\/www.proactif.lu\/de\/#website"},"datePublished":"2025-05-19T10:58:33+00:00","dateModified":"2025-05-26T13:03:26+00:00","breadcrumb":{"@id":"https:\/\/www.proactif.lu\/de\/?post_type=product&p=1209#breadcrumb"},"inLanguage":"de","potentialAction":[{"@type":"ReadAction","target":["https:\/\/www.proactif.lu\/de\/?post_type=product&p=1209"]}]},{"@type":"BreadcrumbList","@id":"https:\/\/www.proactif.lu\/de\/?post_type=product&p=1209#breadcrumb","itemListElement":[{"@type":"ListItem","position":1,"name":"Accueil","item":"https:\/\/www.proactif.lu\/de\/"},{"@type":"ListItem","position":2,"name":"Umkleidebank"}]},{"@type":"WebSite","@id":"https:\/\/www.proactif.lu\/de\/#website","url":"https:\/\/www.proactif.lu\/de\/","name":"ProActif","description":"Réinsertion professionnelle et services de qualité au Luxembourg","publisher":{"@id":"https:\/\/www.proactif.lu\/de\/#organization"},"potentialAction":[{"@type":"SearchAction","target":{"@type":"EntryPoint","urlTemplate":"https:\/\/www.proactif.lu\/de\/?s={search_term_string}"},"query-input":{"@type":"PropertyValueSpecification","valueRequired":true,"valueName":"search_term_string"}}],"inLanguage":"de"},{"@type":"Organization","@id":"https:\/\/www.proactif.lu\/de\/#organization","name":"ProActif","url":"https:\/\/www.proactif.lu\/de\/","logo":{"@type":"ImageObject","inLanguage":"de","@id":"https:\/\/www.proactif.lu\/de\/#\/schema\/logo\/image\/","url":"https:\/\/www.proactif.lu\/wp-content\/uploads\/2025\/02\/proactif-icon.svg","contentUrl":"https:\/\/www.proactif.lu\/wp-content\/uploads\/2025\/02\/proactif-icon.svg","caption":"ProActif"},"image":{"@id":"https:\/\/www.proactif.lu\/de\/#\/schema\/logo\/image\/"}}]}</script>
<!-- / Yoast SEO plugin. -->

Länge: 150 cm · Sitzhöhe: 42 cm · Gesamthöhe: 180 cm Auch erhältlich in anderen Gröβen

Réinsertion professionnelle et services de qualité au Luxembourg
