{"id":1233,"date":"2025-05-19T13:31:19","date_gmt":"2025-05-19T11:31:19","guid":{"rendered":"https:\/\/proactif.octopix.dev\/?post_type=product&#038;p=1233"},"modified":"2025-05-26T16:04:00","modified_gmt":"2025-05-26T14:04:00","slug":"drueckjagdbock","status":"publish","type":"product","link":"https:\/\/www.proactif.lu\/de\/?post_type=product&p=1233","title":{"rendered":"Dr\u00fcckjagdbock"},"content":{"rendered":"\n<p>Gesamth\u00f6he: 2,50 m \u0387 Sitzh\u00f6he: 2,00 m \u0387 Podestma\u00dfe: 1,01 x 0,86 m<\/p>\n\n<p><strong>Gefertigt aus unbehandeltem Nadelholz und Rundh\u00f6lzern<\/strong><\/p>\n\n<p>Br\u00fcstungsh\u00f6he von 99 cm<\/p>\n\n<p>Podest und Sitz werden aus 4 x 10 cm starken Bohlen gefertigt.<\/p>\n\n<p>Trotz der stabilen Bauweise ist er gut zu handeln.<\/p>\n","protected":false},"template":"","meta":{"_acf_changed":false,"inline_featured_image":false},"product-category":[29,50],"class_list":["post-1233","product","type-product","status-publish","hentry","product-category-holzbau-fur-die-jagd","product-category-druckjagd-de"],"acf":[],"yoast_head":"<!-- This site is optimized with the Yoast SEO plugin v27.3 - https:\/\/yoast.com\/product\/yoast-seo-wordpress\/ -->\n<title>Dr\u00fcckjagdbock - ProActif<\/title>\n<meta name=\"robots\" content=\"index, follow, max-snippet:-1, max-image-preview:large, max-video-preview:-1\" \/>\n<link rel=\"canonical\" href=\"https:\/\/www.proactif.lu\/de\/?post_type=product&p=1233\" \/>\n<meta property=\"og:locale\" content=\"de_DE\" \/>\n<meta property=\"og:type\" content=\"article\" \/>\n<meta property=\"og:title\" content=\"Dr\u00fcckjagdbock - ProActif\" \/>\n<meta property=\"og:description\" content=\"Gesamth\u00f6he: 2,50 m \u0387 Sitzh\u00f6he: 2,00 m \u0387 Podestma\u00dfe: 1,01 x 0,86 m Gefertigt aus unbehandeltem Nadelholz und Rundh\u00f6lzern Br\u00fcstungsh\u00f6he von 99 cm Podest und Sitz werden aus 4 x 10 cm starken Bohlen gefertigt. Trotz der stabilen Bauweise ist er gut zu handeln.\" \/>\n<meta property=\"og:url\" content=\"https:\/\/www.proactif.lu\/de\/?post_type=product&amp;p=1233\" \/>\n<meta property=\"og:site_name\" content=\"ProActif\" \/>\n<meta property=\"article:modified_time\" content=\"2025-05-26T14:04:00+00:00\" \/>\n<meta name=\"twitter:card\" content=\"summary_large_image\" \/>\n<script type=\"application\/ld+json\" class=\"yoast-schema-graph\">{\"@context\":\"https:\\\/\\\/schema.org\",\"@graph\":[{\"@type\":\"WebPage\",\"@id\":\"https:\\\/\\\/www.proactif.lu\\\/de\\\/?post_type=product&p=1233\",\"url\":\"https:\\\/\\\/www.proactif.lu\\\/de\\\/?post_type=product&p=1233\",\"name\":\"Dr\u00fcckjagdbock - ProActif\",\"isPartOf\":{\"@id\":\"https:\\\/\\\/www.proactif.lu\\\/de\\\/#website\"},\"datePublished\":\"2025-05-19T11:31:19+00:00\",\"dateModified\":\"2025-05-26T14:04:00+00:00\",\"breadcrumb\":{\"@id\":\"https:\\\/\\\/www.proactif.lu\\\/de\\\/?post_type=product&p=1233#breadcrumb\"},\"inLanguage\":\"de\",\"potentialAction\":[{\"@type\":\"ReadAction\",\"target\":[\"https:\\\/\\\/www.proactif.lu\\\/de\\\/?post_type=product&p=1233\"]}]},{\"@type\":\"BreadcrumbList\",\"@id\":\"https:\\\/\\\/www.proactif.lu\\\/de\\\/?post_type=product&p=1233#breadcrumb\",\"itemListElement\":[{\"@type\":\"ListItem\",\"position\":1,\"name\":\"Accueil\",\"item\":\"https:\\\/\\\/www.proactif.lu\\\/de\\\/\"},{\"@type\":\"ListItem\",\"position\":2,\"name\":\"Dr\u00fcckjagdbock\"}]},{\"@type\":\"WebSite\",\"@id\":\"https:\\\/\\\/www.proactif.lu\\\/de\\\/#website\",\"url\":\"https:\\\/\\\/www.proactif.lu\\\/de\\\/\",\"name\":\"ProActif\",\"description\":\"R\u00e9insertion professionnelle et services de qualit\u00e9 au Luxembourg\",\"publisher\":{\"@id\":\"https:\\\/\\\/www.proactif.lu\\\/de\\\/#organization\"},\"potentialAction\":[{\"@type\":\"SearchAction\",\"target\":{\"@type\":\"EntryPoint\",\"urlTemplate\":\"https:\\\/\\\/www.proactif.lu\\\/de\\\/?s={search_term_string}\"},\"query-input\":{\"@type\":\"PropertyValueSpecification\",\"valueRequired\":true,\"valueName\":\"search_term_string\"}}],\"inLanguage\":\"de\"},{\"@type\":\"Organization\",\"@id\":\"https:\\\/\\\/www.proactif.lu\\\/de\\\/#organization\",\"name\":\"ProActif\",\"url\":\"https:\\\/\\\/www.proactif.lu\\\/de\\\/\",\"logo\":{\"@type\":\"ImageObject\",\"inLanguage\":\"de\",\"@id\":\"https:\\\/\\\/www.proactif.lu\\\/de\\\/#\\\/schema\\\/logo\\\/image\\\/\",\"url\":\"https:\\\/\\\/www.proactif.lu\\\/wp-content\\\/uploads\\\/2025\\\/02\\\/proactif-icon.svg\",\"contentUrl\":\"https:\\\/\\\/www.proactif.lu\\\/wp-content\\\/uploads\\\/2025\\\/02\\\/proactif-icon.svg\",\"caption\":\"ProActif\"},\"image\":{\"@id\":\"https:\\\/\\\/www.proactif.lu\\\/de\\\/#\\\/schema\\\/logo\\\/image\\\/\"}}]}<\/script>\n<!-- \/ Yoast SEO plugin. -->","yoast_head_json":{"title":"Dr\u00fcckjagdbock - ProActif","robots":{"index":"index","follow":"follow","max-snippet":"max-snippet:-1","max-image-preview":"max-image-preview:large","max-video-preview":"max-video-preview:-1"},"canonical":"https:\/\/www.proactif.lu\/de\/?post_type=product&p=1233","og_locale":"de_DE","og_type":"article","og_title":"Dr\u00fcckjagdbock - ProActif","og_description":"Gesamth\u00f6he: 2,50 m \u0387 Sitzh\u00f6he: 2,00 m \u0387 Podestma\u00dfe: 1,01 x 0,86 m Gefertigt aus unbehandeltem Nadelholz und Rundh\u00f6lzern Br\u00fcstungsh\u00f6he von 99 cm Podest und Sitz werden aus 4 x 10 cm starken Bohlen gefertigt. Trotz der stabilen Bauweise ist er gut zu handeln.","og_url":"https:\/\/www.proactif.lu\/de\/?post_type=product&p=1233","og_site_name":"ProActif","article_modified_time":"2025-05-26T14:04:00+00:00","twitter_card":"summary_large_image","schema":{"@context":"https:\/\/schema.org","@graph":[{"@type":"WebPage","@id":"https:\/\/www.proactif.lu\/de\/?post_type=product&p=1233","url":"https:\/\/www.proactif.lu\/de\/?post_type=product&p=1233","name":"Dr\u00fcckjagdbock - ProActif","isPartOf":{"@id":"https:\/\/www.proactif.lu\/de\/#website"},"datePublished":"2025-05-19T11:31:19+00:00","dateModified":"2025-05-26T14:04:00+00:00","breadcrumb":{"@id":"https:\/\/www.proactif.lu\/de\/?post_type=product&p=1233#breadcrumb"},"inLanguage":"de","potentialAction":[{"@type":"ReadAction","target":["https:\/\/www.proactif.lu\/de\/?post_type=product&p=1233"]}]},{"@type":"BreadcrumbList","@id":"https:\/\/www.proactif.lu\/de\/?post_type=product&p=1233#breadcrumb","itemListElement":[{"@type":"ListItem","position":1,"name":"Accueil","item":"https:\/\/www.proactif.lu\/de\/"},{"@type":"ListItem","position":2,"name":"Dr\u00fcckjagdbock"}]},{"@type":"WebSite","@id":"https:\/\/www.proactif.lu\/de\/#website","url":"https:\/\/www.proactif.lu\/de\/","name":"ProActif","description":"R\u00e9insertion professionnelle et services de qualit\u00e9 au Luxembourg","publisher":{"@id":"https:\/\/www.proactif.lu\/de\/#organization"},"potentialAction":[{"@type":"SearchAction","target":{"@type":"EntryPoint","urlTemplate":"https:\/\/www.proactif.lu\/de\/?s={search_term_string}"},"query-input":{"@type":"PropertyValueSpecification","valueRequired":true,"valueName":"search_term_string"}}],"inLanguage":"de"},{"@type":"Organization","@id":"https:\/\/www.proactif.lu\/de\/#organization","name":"ProActif","url":"https:\/\/www.proactif.lu\/de\/","logo":{"@type":"ImageObject","inLanguage":"de","@id":"https:\/\/www.proactif.lu\/de\/#\/schema\/logo\/image\/","url":"https:\/\/www.proactif.lu\/wp-content\/uploads\/2025\/02\/proactif-icon.svg","contentUrl":"https:\/\/www.proactif.lu\/wp-content\/uploads\/2025\/02\/proactif-icon.svg","caption":"ProActif"},"image":{"@id":"https:\/\/www.proactif.lu\/de\/#\/schema\/logo\/image\/"}}]}},"_links":{"self":[{"href":"https:\/\/www.proactif.lu\/de\/wp-json\/wp\/v2\/product\/1233","targetHints":{"allow":["GET"]}}],"collection":[{"href":"https:\/\/www.proactif.lu\/de\/wp-json\/wp\/v2\/product"}],"about":[{"href":"https:\/\/www.proactif.lu\/de\/wp-json\/wp\/v2\/types\/product"}],"wp:attachment":[{"href":"https:\/\/www.proactif.lu\/de\/wp-json\/wp\/v2\/media?parent=1233"}],"wp:term":[{"taxonomy":"product-category","embeddable":true,"href":"https:\/\/www.proactif.lu\/de\/wp-json\/wp\/v2\/product-category?post=1233"}],"curies":[{"name":"wp","href":"https:\/\/api.w.org\/{rel}","templated":true}]}}

Drückjagdbock

<p>Gesamthöhe: 2,50 m · Sitzhöhe: 2,00 m · Podestmaße: 1,01 x 0,86 m</p>

<p><strong>Gefertigt aus unbehandeltem Nadelholz und Rundhölzern</strong></p>

<p>Brüstungshöhe von 99 cm</p>

<p>Podest und Sitz werden aus 4 x 10 cm starken Bohlen gefertigt.</p>

<p>Trotz der stabilen Bauweise ist er gut zu handeln.</p>

<!-- This site is optimized with the Yoast SEO plugin v27.3 - https://yoast.com/product/yoast-seo-wordpress/ -->
<title>Drückjagdbock - ProActif</title>
<meta name="robots" content="index, follow, max-snippet:-1, max-image-preview:large, max-video-preview:-1" />
<link rel="canonical" href="https://www.proactif.lu/de/?post_type=product&p=1233" />
<meta property="og:locale" content="de_DE" />
<meta property="og:type" content="article" />
<meta property="og:title" content="Drückjagdbock - ProActif" />
<meta property="og:description" content="Gesamthöhe: 2,50 m · Sitzhöhe: 2,00 m · Podestmaße: 1,01 x 0,86 m Gefertigt aus unbehandeltem Nadelholz und Rundhölzern Brüstungshöhe von 99 cm Podest und Sitz werden aus 4 x 10 cm starken Bohlen gefertigt. Trotz der stabilen Bauweise ist er gut zu handeln." />
<meta property="og:url" content="https://www.proactif.lu/de/?post_type=product&amp;p=1233" />
<meta property="og:site_name" content="ProActif" />
<meta property="article:modified_time" content="2025-05-26T14:04:00+00:00" />
<meta name="twitter:card" content="summary_large_image" />
<script type="application/ld+json" class="yoast-schema-graph">{"@context":"https:\/\/schema.org","@graph":[{"@type":"WebPage","@id":"https:\/\/www.proactif.lu\/de\/?post_type=product&p=1233","url":"https:\/\/www.proactif.lu\/de\/?post_type=product&p=1233","name":"Drückjagdbock - ProActif","isPartOf":{"@id":"https:\/\/www.proactif.lu\/de\/#website"},"datePublished":"2025-05-19T11:31:19+00:00","dateModified":"2025-05-26T14:04:00+00:00","breadcrumb":{"@id":"https:\/\/www.proactif.lu\/de\/?post_type=product&p=1233#breadcrumb"},"inLanguage":"de","potentialAction":[{"@type":"ReadAction","target":["https:\/\/www.proactif.lu\/de\/?post_type=product&p=1233"]}]},{"@type":"BreadcrumbList","@id":"https:\/\/www.proactif.lu\/de\/?post_type=product&p=1233#breadcrumb","itemListElement":[{"@type":"ListItem","position":1,"name":"Accueil","item":"https:\/\/www.proactif.lu\/de\/"},{"@type":"ListItem","position":2,"name":"Drückjagdbock"}]},{"@type":"WebSite","@id":"https:\/\/www.proactif.lu\/de\/#website","url":"https:\/\/www.proactif.lu\/de\/","name":"ProActif","description":"Réinsertion professionnelle et services de qualité au Luxembourg","publisher":{"@id":"https:\/\/www.proactif.lu\/de\/#organization"},"potentialAction":[{"@type":"SearchAction","target":{"@type":"EntryPoint","urlTemplate":"https:\/\/www.proactif.lu\/de\/?s={search_term_string}"},"query-input":{"@type":"PropertyValueSpecification","valueRequired":true,"valueName":"search_term_string"}}],"inLanguage":"de"},{"@type":"Organization","@id":"https:\/\/www.proactif.lu\/de\/#organization","name":"ProActif","url":"https:\/\/www.proactif.lu\/de\/","logo":{"@type":"ImageObject","inLanguage":"de","@id":"https:\/\/www.proactif.lu\/de\/#\/schema\/logo\/image\/","url":"https:\/\/www.proactif.lu\/wp-content\/uploads\/2025\/02\/proactif-icon.svg","contentUrl":"https:\/\/www.proactif.lu\/wp-content\/uploads\/2025\/02\/proactif-icon.svg","caption":"ProActif"},"image":{"@id":"https:\/\/www.proactif.lu\/de\/#\/schema\/logo\/image\/"}}]}</script>
<!-- / Yoast SEO plugin. -->

Drückjagdbock - ProActif

Gesamthöhe: 2,50 m · Sitzhöhe: 2,00 m · Podestmaße: 1,01 x 0,86 m Gefertigt aus unbehandeltem Nadelholz und Rundhölzern Brüstungshöhe von 99 cm Podest und Sitz werden aus 4 x 10 cm starken Bohlen gefertigt. Trotz der stabilen Bauweise ist er gut zu handeln.

Réinsertion professionnelle et services de qualité au Luxembourg
