{"id":1232,"date":"2025-05-19T13:29:00","date_gmt":"2025-05-19T11:29:00","guid":{"rendered":"https:\/\/proactif.octopix.dev\/?post_type=product&#038;p=1232"},"modified":"2025-05-26T15:53:41","modified_gmt":"2025-05-26T13:53:41","slug":"wohlfuhlpaket","status":"publish","type":"product","link":"https:\/\/www.proactif.lu\/lu\/?post_type=product&p=1232","title":{"rendered":"Wohlf\u00fchlpaket"},"content":{"rendered":"\n<p><strong>Dieses Paket bietet ein gewisses Ma\u00df an Gem\u00fctlichkeit beim langen Ansitz.<\/strong><\/p>\n\n<p>u der schon mit gelieferten Sitzbank legen wir noch eine gepolsterte Unterlage und eine R\u00fcckenlehne dazu.<\/p>\n\n<p>Die R\u00fcckenlehne kann an zwei Seiten schnell und einfach platziert werden.<\/p>\n\n<p>Der Stoff ist robust und einfach zu reinigen.<\/p>\n\n<p>Im Inneren werden Plexiglasscheiben angebracht, die Sie schnell und einfach zum richtigen Moment \u00f6ffnen k\u00f6nnen. So sitzen Sie trocken und windgesch\u00fctzt.  <\/p>\n\n<p>Dazu kommen noch 3 Kleiderhaken, an denen Sie Ihre Jacke oder Ihre Tasche h\u00e4ngen k\u00f6nnen.<\/p>\n\n<p>Lieferumfang:<br\/>Gepolsterte Sitzauflage, Gepolsterte R\u00fcckenlehne, 3 Kleiderhaken, 2 klappbare Tische<\/p>\n\n<p>Dieses Wohlf\u00fchlpaket ist aber auch individuell zusammenstellbar.<\/p>\n","protected":false},"template":"","meta":{"_acf_changed":false,"inline_featured_image":false},"product-category":[27,40],"class_list":["post-1232","product","type-product","status-publish","hentry","product-category-holzbau-fir-djuegd","product-category-zubehor"],"acf":[],"yoast_head":"<!-- This site is optimized with the Yoast SEO plugin v27.3 - https:\/\/yoast.com\/product\/yoast-seo-wordpress\/ -->\n<title>Wohlf\u00fchlpaket - ProActif<\/title>\n<meta name=\"robots\" content=\"index, follow, max-snippet:-1, max-image-preview:large, max-video-preview:-1\" \/>\n<link rel=\"canonical\" href=\"https:\/\/www.proactif.lu\/lu\/?post_type=product&p=1232\" \/>\n<meta property=\"og:locale\" content=\"en_US\" \/>\n<meta property=\"og:type\" content=\"article\" \/>\n<meta property=\"og:title\" content=\"Wohlf\u00fchlpaket - ProActif\" \/>\n<meta property=\"og:description\" content=\"Dieses Paket bietet ein gewisses Ma\u00df an Gem\u00fctlichkeit beim langen Ansitz. u der schon mit gelieferten Sitzbank legen wir noch eine gepolsterte Unterlage und eine R\u00fcckenlehne dazu. Die R\u00fcckenlehne kann an zwei Seiten schnell und einfach platziert werden. Der Stoff ist robust und einfach zu reinigen. Im Inneren werden Plexiglasscheiben angebracht, die Sie schnell und [&hellip;]\" \/>\n<meta property=\"og:url\" content=\"https:\/\/www.proactif.lu\/lu\/?post_type=product&amp;p=1232\" \/>\n<meta property=\"og:site_name\" content=\"ProActif\" \/>\n<meta property=\"article:modified_time\" content=\"2025-05-26T13:53:41+00:00\" \/>\n<meta name=\"twitter:card\" content=\"summary_large_image\" \/>\n<meta name=\"twitter:label1\" content=\"Est. reading time\" \/>\n\t<meta name=\"twitter:data1\" content=\"1 minute\" \/>\n<script type=\"application\/ld+json\" class=\"yoast-schema-graph\">{\"@context\":\"https:\\\/\\\/schema.org\",\"@graph\":[{\"@type\":\"WebPage\",\"@id\":\"https:\\\/\\\/www.proactif.lu\\\/lu\\\/?post_type=product&p=1232\",\"url\":\"https:\\\/\\\/www.proactif.lu\\\/lu\\\/?post_type=product&p=1232\",\"name\":\"Wohlf\u00fchlpaket - ProActif\",\"isPartOf\":{\"@id\":\"https:\\\/\\\/www.proactif.lu\\\/lu\\\/#website\"},\"datePublished\":\"2025-05-19T11:29:00+00:00\",\"dateModified\":\"2025-05-26T13:53:41+00:00\",\"breadcrumb\":{\"@id\":\"https:\\\/\\\/www.proactif.lu\\\/lu\\\/?post_type=product&p=1232#breadcrumb\"},\"inLanguage\":\"lb-LU\",\"potentialAction\":[{\"@type\":\"ReadAction\",\"target\":[\"https:\\\/\\\/www.proactif.lu\\\/lu\\\/?post_type=product&p=1232\"]}]},{\"@type\":\"BreadcrumbList\",\"@id\":\"https:\\\/\\\/www.proactif.lu\\\/lu\\\/?post_type=product&p=1232#breadcrumb\",\"itemListElement\":[{\"@type\":\"ListItem\",\"position\":1,\"name\":\"Accueil\",\"item\":\"https:\\\/\\\/www.proactif.lu\\\/lu\\\/\"},{\"@type\":\"ListItem\",\"position\":2,\"name\":\"Wohlf\u00fchlpaket\"}]},{\"@type\":\"WebSite\",\"@id\":\"https:\\\/\\\/www.proactif.lu\\\/lu\\\/#website\",\"url\":\"https:\\\/\\\/www.proactif.lu\\\/lu\\\/\",\"name\":\"ProActif\",\"description\":\"R\u00e9insertion professionnelle et services de qualit\u00e9 au Luxembourg\",\"publisher\":{\"@id\":\"https:\\\/\\\/www.proactif.lu\\\/lu\\\/#organization\"},\"potentialAction\":[{\"@type\":\"SearchAction\",\"target\":{\"@type\":\"EntryPoint\",\"urlTemplate\":\"https:\\\/\\\/www.proactif.lu\\\/lu\\\/?s={search_term_string}\"},\"query-input\":{\"@type\":\"PropertyValueSpecification\",\"valueRequired\":true,\"valueName\":\"search_term_string\"}}],\"inLanguage\":\"lb-LU\"},{\"@type\":\"Organization\",\"@id\":\"https:\\\/\\\/www.proactif.lu\\\/lu\\\/#organization\",\"name\":\"ProActif\",\"url\":\"https:\\\/\\\/www.proactif.lu\\\/lu\\\/\",\"logo\":{\"@type\":\"ImageObject\",\"inLanguage\":\"lb-LU\",\"@id\":\"https:\\\/\\\/www.proactif.lu\\\/lu\\\/#\\\/schema\\\/logo\\\/image\\\/\",\"url\":\"https:\\\/\\\/www.proactif.lu\\\/wp-content\\\/uploads\\\/2025\\\/02\\\/proactif-icon.svg\",\"contentUrl\":\"https:\\\/\\\/www.proactif.lu\\\/wp-content\\\/uploads\\\/2025\\\/02\\\/proactif-icon.svg\",\"caption\":\"ProActif\"},\"image\":{\"@id\":\"https:\\\/\\\/www.proactif.lu\\\/lu\\\/#\\\/schema\\\/logo\\\/image\\\/\"}}]}<\/script>\n<!-- \/ Yoast SEO plugin. -->","yoast_head_json":{"title":"Wohlf\u00fchlpaket - ProActif","robots":{"index":"index","follow":"follow","max-snippet":"max-snippet:-1","max-image-preview":"max-image-preview:large","max-video-preview":"max-video-preview:-1"},"canonical":"https:\/\/www.proactif.lu\/lu\/?post_type=product&p=1232","og_locale":"en_US","og_type":"article","og_title":"Wohlf\u00fchlpaket - ProActif","og_description":"Dieses Paket bietet ein gewisses Ma\u00df an Gem\u00fctlichkeit beim langen Ansitz. u der schon mit gelieferten Sitzbank legen wir noch eine gepolsterte Unterlage und eine R\u00fcckenlehne dazu. Die R\u00fcckenlehne kann an zwei Seiten schnell und einfach platziert werden. Der Stoff ist robust und einfach zu reinigen. Im Inneren werden Plexiglasscheiben angebracht, die Sie schnell und [&hellip;]","og_url":"https:\/\/www.proactif.lu\/lu\/?post_type=product&p=1232","og_site_name":"ProActif","article_modified_time":"2025-05-26T13:53:41+00:00","twitter_card":"summary_large_image","twitter_misc":{"Est. reading time":"1 minute"},"schema":{"@context":"https:\/\/schema.org","@graph":[{"@type":"WebPage","@id":"https:\/\/www.proactif.lu\/lu\/?post_type=product&p=1232","url":"https:\/\/www.proactif.lu\/lu\/?post_type=product&p=1232","name":"Wohlf\u00fchlpaket - ProActif","isPartOf":{"@id":"https:\/\/www.proactif.lu\/lu\/#website"},"datePublished":"2025-05-19T11:29:00+00:00","dateModified":"2025-05-26T13:53:41+00:00","breadcrumb":{"@id":"https:\/\/www.proactif.lu\/lu\/?post_type=product&p=1232#breadcrumb"},"inLanguage":"lb-LU","potentialAction":[{"@type":"ReadAction","target":["https:\/\/www.proactif.lu\/lu\/?post_type=product&p=1232"]}]},{"@type":"BreadcrumbList","@id":"https:\/\/www.proactif.lu\/lu\/?post_type=product&p=1232#breadcrumb","itemListElement":[{"@type":"ListItem","position":1,"name":"Accueil","item":"https:\/\/www.proactif.lu\/lu\/"},{"@type":"ListItem","position":2,"name":"Wohlf\u00fchlpaket"}]},{"@type":"WebSite","@id":"https:\/\/www.proactif.lu\/lu\/#website","url":"https:\/\/www.proactif.lu\/lu\/","name":"ProActif","description":"R\u00e9insertion professionnelle et services de qualit\u00e9 au Luxembourg","publisher":{"@id":"https:\/\/www.proactif.lu\/lu\/#organization"},"potentialAction":[{"@type":"SearchAction","target":{"@type":"EntryPoint","urlTemplate":"https:\/\/www.proactif.lu\/lu\/?s={search_term_string}"},"query-input":{"@type":"PropertyValueSpecification","valueRequired":true,"valueName":"search_term_string"}}],"inLanguage":"lb-LU"},{"@type":"Organization","@id":"https:\/\/www.proactif.lu\/lu\/#organization","name":"ProActif","url":"https:\/\/www.proactif.lu\/lu\/","logo":{"@type":"ImageObject","inLanguage":"lb-LU","@id":"https:\/\/www.proactif.lu\/lu\/#\/schema\/logo\/image\/","url":"https:\/\/www.proactif.lu\/wp-content\/uploads\/2025\/02\/proactif-icon.svg","contentUrl":"https:\/\/www.proactif.lu\/wp-content\/uploads\/2025\/02\/proactif-icon.svg","caption":"ProActif"},"image":{"@id":"https:\/\/www.proactif.lu\/lu\/#\/schema\/logo\/image\/"}}]}},"_links":{"self":[{"href":"https:\/\/www.proactif.lu\/lu\/wp-json\/wp\/v2\/product\/1232","targetHints":{"allow":["GET"]}}],"collection":[{"href":"https:\/\/www.proactif.lu\/lu\/wp-json\/wp\/v2\/product"}],"about":[{"href":"https:\/\/www.proactif.lu\/lu\/wp-json\/wp\/v2\/types\/product"}],"wp:attachment":[{"href":"https:\/\/www.proactif.lu\/lu\/wp-json\/wp\/v2\/media?parent=1232"}],"wp:term":[{"taxonomy":"product-category","embeddable":true,"href":"https:\/\/www.proactif.lu\/lu\/wp-json\/wp\/v2\/product-category?post=1232"}],"curies":[{"name":"wp","href":"https:\/\/api.w.org\/{rel}","templated":true}]}}

Wohlfühlpaket

<p><strong>Dieses Paket bietet ein gewisses Maß an Gemütlichkeit beim langen Ansitz.</strong></p>

<p>u der schon mit gelieferten Sitzbank legen wir noch eine gepolsterte Unterlage und eine Rückenlehne dazu.</p>

<p>Die Rückenlehne kann an zwei Seiten schnell und einfach platziert werden.</p>

<p>Der Stoff ist robust und einfach zu reinigen.</p>

<p>Im Inneren werden Plexiglasscheiben angebracht, die Sie schnell und einfach zum richtigen Moment öffnen können. So sitzen Sie trocken und windgeschützt.  </p>

<p>Dazu kommen noch 3 Kleiderhaken, an denen Sie Ihre Jacke oder Ihre Tasche hängen können.</p>

<p>Lieferumfang:<br/>Gepolsterte Sitzauflage, Gepolsterte Rückenlehne, 3 Kleiderhaken, 2 klappbare Tische</p>

<p>Dieses Wohlfühlpaket ist aber auch individuell zusammenstellbar.</p>

<!-- This site is optimized with the Yoast SEO plugin v27.3 - https://yoast.com/product/yoast-seo-wordpress/ -->
<title>Wohlfühlpaket - ProActif</title>
<meta name="robots" content="index, follow, max-snippet:-1, max-image-preview:large, max-video-preview:-1" />
<link rel="canonical" href="https://www.proactif.lu/lu/?post_type=product&p=1232" />
<meta property="og:locale" content="en_US" />
<meta property="og:type" content="article" />
<meta property="og:title" content="Wohlfühlpaket - ProActif" />
<meta property="og:description" content="Dieses Paket bietet ein gewisses Maß an Gemütlichkeit beim langen Ansitz. u der schon mit gelieferten Sitzbank legen wir noch eine gepolsterte Unterlage und eine Rückenlehne dazu. Die Rückenlehne kann an zwei Seiten schnell und einfach platziert werden. Der Stoff ist robust und einfach zu reinigen. Im Inneren werden Plexiglasscheiben angebracht, die Sie schnell und [&hellip;]" />
<meta property="og:url" content="https://www.proactif.lu/lu/?post_type=product&amp;p=1232" />
<meta property="og:site_name" content="ProActif" />
<meta property="article:modified_time" content="2025-05-26T13:53:41+00:00" />
<meta name="twitter:card" content="summary_large_image" />
<meta name="twitter:label1" content="Est. reading time" />
	<meta name="twitter:data1" content="1 minute" />
<script type="application/ld+json" class="yoast-schema-graph">{"@context":"https:\/\/schema.org","@graph":[{"@type":"WebPage","@id":"https:\/\/www.proactif.lu\/lu\/?post_type=product&p=1232","url":"https:\/\/www.proactif.lu\/lu\/?post_type=product&p=1232","name":"Wohlfühlpaket - ProActif","isPartOf":{"@id":"https:\/\/www.proactif.lu\/lu\/#website"},"datePublished":"2025-05-19T11:29:00+00:00","dateModified":"2025-05-26T13:53:41+00:00","breadcrumb":{"@id":"https:\/\/www.proactif.lu\/lu\/?post_type=product&p=1232#breadcrumb"},"inLanguage":"lb-LU","potentialAction":[{"@type":"ReadAction","target":["https:\/\/www.proactif.lu\/lu\/?post_type=product&p=1232"]}]},{"@type":"BreadcrumbList","@id":"https:\/\/www.proactif.lu\/lu\/?post_type=product&p=1232#breadcrumb","itemListElement":[{"@type":"ListItem","position":1,"name":"Accueil","item":"https:\/\/www.proactif.lu\/lu\/"},{"@type":"ListItem","position":2,"name":"Wohlfühlpaket"}]},{"@type":"WebSite","@id":"https:\/\/www.proactif.lu\/lu\/#website","url":"https:\/\/www.proactif.lu\/lu\/","name":"ProActif","description":"Réinsertion professionnelle et services de qualité au Luxembourg","publisher":{"@id":"https:\/\/www.proactif.lu\/lu\/#organization"},"potentialAction":[{"@type":"SearchAction","target":{"@type":"EntryPoint","urlTemplate":"https:\/\/www.proactif.lu\/lu\/?s={search_term_string}"},"query-input":{"@type":"PropertyValueSpecification","valueRequired":true,"valueName":"search_term_string"}}],"inLanguage":"lb-LU"},{"@type":"Organization","@id":"https:\/\/www.proactif.lu\/lu\/#organization","name":"ProActif","url":"https:\/\/www.proactif.lu\/lu\/","logo":{"@type":"ImageObject","inLanguage":"lb-LU","@id":"https:\/\/www.proactif.lu\/lu\/#\/schema\/logo\/image\/","url":"https:\/\/www.proactif.lu\/wp-content\/uploads\/2025\/02\/proactif-icon.svg","contentUrl":"https:\/\/www.proactif.lu\/wp-content\/uploads\/2025\/02\/proactif-icon.svg","caption":"ProActif"},"image":{"@id":"https:\/\/www.proactif.lu\/lu\/#\/schema\/logo\/image\/"}}]}</script>
<!-- / Yoast SEO plugin. -->

Wohlfühlpaket - ProActif

Dieses Paket bietet ein gewisses Maß an Gemütlichkeit beim langen Ansitz. u der schon mit gelieferten Sitzbank legen wir noch eine gepolsterte Unterlage und eine Rückenlehne dazu. Die Rückenlehne kann an zwei Seiten schnell und einfach platziert werden. Der Stoff ist robust und einfach zu reinigen. Im Inneren werden Plexiglasscheiben angebracht, die Sie schnell und [&hellip;]

Réinsertion professionnelle et services de qualité au Luxembourg
